 of u/(-10)*-15*60?
4
What is the tens digit of 0 - (-44880 + (5 + 2)/7)?
7
Let j be (18/3)/((20/4)/5). What is the tens digit of 1*(j + (-1600)/(-8))?
0
Let v(g) = -g**3 + 7*g**2 + 2*g. Let n be v(8). Let c = n - -50. What is the tens digit of 15*(-8*(-9)/30)/c?
1
Let z = 2714 - 872. Suppose 919 = 3*l - 5*c - 935, c = 3*l - z. What is the tens digit of l?
1
Let s(a) = -5*a + 36. Let w be s(7). Suppose w - 4 = -d. Suppose -d*n - 1540 = -17*n. What is the tens digit of n?
1
Let z(o) = -o**3 + o**2 + 3*o + 799. Let v be z(0). Let n = v + -342. What is the units digit of n?
7
Suppose -3*y = -3*k - 42498, 2*y + 5*k = 24134 + 4170. What is the units digit of y?
2
Let q be (-11568)/16 - 0/(-3 + 1). Let k = q - -1193. What is the hundreds digit of k?
4
Suppose -46*j - 15 = -49*j. Suppose 799 = 2*x - i, j*x + 566 = -i + 2546. What is the tens digit of x?
9
Suppose 48 = -2*t - 2*m, -2*t = -4*t + m - 57. Let x = t - -25. What is the units digit of (3/9)/(x*1/(-30))?
5
Let c be -3 + 21/9 + 402/9. Let g = c - 99. Let q = g - -117. What is the units digit of q?
2
Suppose 5*v = 5*z - 157 - 253, -5*z = -v - 82. What is the tens digit of (-26 + 18)*(v/4 + 3)?
4
Suppose 96741 + 240046 = -8*k + 25*k. What is the units digit of k?
1
Let f = 291 + -295. What is the units digit of (2 - (3 - (912 + f)))/1?
7
Let w = -71 + 72. Let k(a) = 29*a + 9. Let c be k(w). Suppose n + c = -2*f + 128, 124 = 3*f - 4*n. What is the tens digit of f?
4
Suppose 5*x = -62*a + 66*a + 215907, a + 172719 = 4*x. What is the thousands digit of x?
3
Let t be 102/459 - 140/18*-1. Suppose -2*l - 3*y - y = t, -3*l + 5*y = -21. Suppose 2*k = f - 0*k - 9, -2*f = l*k - 18. What is the units digit of f?
9
Let d = 99 + -79. Suppose -2*m + 0*u - 16 = 4*u, 5*u = m - d. Suppose -452 = -4*n - 4*c, n + m*n = 5*c + 89. What is the hundreds digit of n?
1
What is the hundreds digit of (-7318)/((-50)/20 - -2)?
6
Let w(j) be the second derivative of j**5/20 + 5*j**4/6 - 7*j**3/3 - 11*j**2/2 + 13*j. What is the tens digit of w(-8)?
2
Suppose 5*v - 5 = 5. Suppose 3 = -p - c + 1, -v*c - 6 = p. Suppose i = 5*n + 79, -35 = -3*i - p*n + 185. What is the tens digit of i?
7
Let b be (-6)/150*-6635 + 2/(-5). Let g = -11 + 196. Let u = b - g. What is the tens digit of u?
8
Let g(n) = -2*n - n**2 + 12*n + 0 + 5. Let i be g(10). Suppose -3*h - y = -214, i*y + 66 = 5*h - 4*h. What is the units digit of h?
1
What is the ten thousands digit of ((-15634)/(-4))/((-248)/(-992))?
1
Let l be (-4)/18 - (-2740)/180. Suppose q = -4*q + l. Suppose -5*b = 10, q*b = 8*n - 3*n - 1211. What is the hundreds digit of n?
2
Let o = -69 + 73. What is the units digit of (48/6)/o + 13?
5
Suppose 5 = -10*h + 11*h, k + 271 = h. What is the units digit of (-2)/(1 + -4 + (-794)/k)?
3
Let p(y) = -22 - 10 - 17 - 2*y**2 + 5*y**2 + 7*y + 5. What is the hundreds digit of p(12)?
4
Let t(h) = h**2 + h - 2. Let d be 1/(-3)*-3 - -2. Let z be t(d). What is the units digit of (2/z)/((-2)/(-1490))?
9
Let i = -121 + 123. Suppose 0 = -4*m - 10*o + 5*o + 1843, i*m + o - 929 = 0. What is the units digit of m?
7
Let g be -270*3/(5 - -1). Let h = g + 139. Suppose -10*a = -h*a - 1254. What is the hundreds digit of a?
2
Suppose 110249 = 31*z - 3831. What is the thousands digit of z?
3
Let u be 5 + 4/6*-12. What is the units digit of u + 456/14 + (-32)/56?
9
Let v(j) = -j**3 + 6*j**2 + 3*j + 27. Let k be v(7). Let a(u) = -502*u**3 + u**2 - 2*u - 3. What is the hundreds digit of a(k)?
5
Suppose 15 = -3*x + 3*z, -4*x + 6*z - 15 = z. What is the tens digit of 96/(-80) - 3562/x?
5
Suppose -14*p + 1851080 + 203290 = 79*p. What is the thousands digit of p?
2
Suppose -66*q - 239490 = -96*q. What is the thousands digit of q?
7
Let m(a) = -6*a - 8*a + 72 - 16*a - a**2 - 49. What is the tens digit of m(-19)?
3
What is the tens digit of 35/(-21) - (51006/(-18) + (8 - 4))?
2
Let c be (1 - 1)/(-2)*5/10. Suppose -u + 30 + 44 = c. Suppose 3*n + 5*a = 4*n - 72, 0 = -2*n - 4*a + u. What is the units digit of n?
7
Let s = 4795 + -4749. Let o be 2 + (2 - -40) + -1. Suppose -41*d - s = -o*d. What is the units digit of d?
3
Let c(t) = t**3 - 17*t**2 + 5. Let v be c(17). Suppose -u + 2*q + 22 + 6 = 0, -v*u = q - 162. Suppose 2*s + u = n, 3*s = 6*s + 3. What is the tens digit of n?
3
Suppose -4*i - 11 + 9 = c, -5*i - 13 = 3*c. Let n = 320 - c. What is the hundreds digit of n?
3
Suppose 120 = 28*n - 22*n. Let i = n + -20. What is the tens digit of i + 112 + 2 - -3?
1
Let w(d) = 79*d**2 - 6*d - 1. Let a be w(-5). Suppose -4*u = 4*r - a, u + 5*r - 298 - 191 = 0. Let l = u - 328. What is the hundreds digit of l?
1
Let i(s) = -3*s + 21. Let c be i(6). Let j be (-2 + 8)*c/(-9). What is the units digit of (j - -8 - -3) + -2?
7
Let c = -118 - -405. Let u = c + -280. What is the units digit of u?
7
Let k(a) = -2*a**3 + 25*a**2 + 3*a + 15. Let m be -2*(-105)/18 + 1/3. What is the tens digit of k(m)?
9
Let x(r) = 46*r**2 - 21*r - 4. Suppose -3*n - 5 = -14, -4*q = -5*n + 31. What is the units digit of x(q)?
6
Suppose 4*p - 5 = -3*r + 6, 2*p = -r + 7. Let t(q) = -6*q + 16. Let j be t(14). Let o = r - j. What is the units digit of o?
5
Suppose 187*n - 7486128 = -74*n + 45*n. What is the ten thousands digit of n?
3
Let w be (-2)/(-3) + -1 - 157472/228. Let g = w + 812. What is the hundreds digit of g?
1
What is the hundreds digit of (-11)/44*16*78019/(-4)?
0
Suppose -47 = -b + 6. Let m = -49 + b. What is the units digit of 3 - (m/(-10) - (-1516)/(-10))?
5
Let o(z) = -414*z + 222. Let h be o(-7). Suppose 43*u - 38*u = h. What is the units digit of u?
4
Let v(s) = 1. Let l(k) = -k - 35. Let z(f) = -2*f - 36. Let c(y) = -3*l(y) + 4*z(y). Let t(b) = c(b) + 4*v(b). What is the tens digit of t(-10)?
1
Suppose 2*y + 7*g - 2*g - 20 = 0, -y = g - 7. Let c(u) = 69 + 3*u - 141 + 71. What is the units digit of c(y)?
4
Let s = 314 - 316. What is the tens digit of (s - -1)*-43*(113 - 104)?
8
Suppose 267992 = 169*l - 565685. What is the thousands digit of l?
4
Let b(i) = 8*i**2 - 6*i - 7. Let o be b(5). Let d = 206 + -122. Let c = o - d. What is the units digit of c?
9
Suppose -48*g + 196 = -62*g. Let s(m) = 7*m**2 + 12*m + 61. What is the tens digit of s(g)?
6
Let w = -47 - -763. Suppose 6*s + 5*k = 4*s + w, 3*k = s - 358. What is the hundreds digit of s?
3
Suppose -s + 3*s = -4*u + 6, 3 = s. Suppose -74*v + 72*v + 24 = u. What is the tens digit of v?
1
Let w(v) = -16*v**3 + 1143*v**2 - 9. What is the ten thousands digit of w(71)?
3
Let v(z) = -219*z - 48. Let b be v(-2). Let k = b + 58. What is the tens digit of k?
4
Suppose -71*k = -94*k + 129145. What is the thousands digit of k?
5
Let s be 2*((-45)/(-4) + (-36)/(-48)). Suppose 21*o = s*o - 63. What is the units digit of ((-12)/9)/1*o/(-14)?
2
Suppose 4*u = -11 - 9, -3*o + 25 = -2*u. Suppose 4*d = -3*d - 1008. What is the units digit of 4 + d/(-15) - (-2)/o?
4
Let y be 9/36 + 1/(-4). Suppose 0 = -3*g - y. Suppose t - 4 - 91 = g. What is the tens digit of t?
9
What is the ten thousands digit of 1/10*191572612/1265 + (-2)/25?
1
Let n = -19 + 32. Suppose 19*j - 2250 = n*j. What is the units digit of j?
5
Let t be (-5)/(-105)*-3 + 26448/14. Let r = -1279 + t. What is the tens digit of r?
1
Let j(y) = 0 - 3 - 33*y - 910*y**3 + 911*y**3. What is the units digit of j(9)?
9
Suppose -5*w - 5 - 40 = 0. Let o be 1220/(-12) + 3/w. Let f = 144 + o. What is the tens digit of f?
4
Let m(p) = -p**3 - 53*p**2 - 49*p - 1532. What is the ten thousands digit of m(-63)?
4
Let a(m) = 14*m - 22*m - 4*m - 2*m**2. Let h be a(-6). Suppose h = -4*i + i + 4*g + 558, 4*i - 751 = 3*g. What is the tens digit of i?
9
What is the thousands digit of (-21329)/(-4) + 25/(-100)?
5
Let a be 77/56 + -1 + 410/16. Suppose -24087 = -a*w + 5*w. What is the hundreds digit of w?
1
Suppose 6333 - 43729 = -2*v + 4*f, -5*v - 3*f = -93581. What is the hundreds digit of v?
7
Suppose 0 = -4*w - 8, 4*x - 1520 = -3*w - 54. Let l = x + -328. What is the tens digit of l?
4
Suppose 13*l + 12*l + 137950 - 339075 = 0. What is the units digit of l?
5
Let s = 8488 + 12706. What is the tens digit of s?
9
Suppose -2*k = 5*q - 1256, -2*k - 5*q + 3140 = 3*k. Let l = k - -619. What is the tens digit of l?
4
Suppose -3*i + 4*y - 20 = 0, i - 2*y + 12 = 2. Suppose i*b + 5*k - 1730 = -3*b, -k = -2*b + 1136. What is the units d